7
List the prime factors of (-6)/1*1*86/(-4).
3, 43
Let t(x) = -2*x - 4. Let n be t(-4). Suppose 8*d - n*d = -5*b + 69, 2*d + 3*b = 33. List the prime factors of d.
3, 7
Suppose -4*b - 2*n = -3*b + 23, 4*n + 92 = -4*b. Let i = 45 + b. What are the prime factors of i?
2, 11
Let i = -30 + 70. List the prime factors of i.
2, 5
Suppose -5*o + 105 = 3*z, -3*o = -0*z + z - 39. Let u = z - 12. What are the prime factors of u?
2, 3
Let o = -84 - -139. List the prime factors of o.
5, 11
Suppose 5 = 3*p - 16. Suppose -138 - p = -5*y. List the prime factors of y.
29
Let t = 5 - 2. Suppose -3*x - t = n - 52, -2 = n. Let y = x + -9. What are the prime factors of y?
2
Let h be (-1 - -11)*1/2. Let j(n) = 5*n**3 - n**2 + 2*n - 1. Let t be j(1). Suppose 2*q - 10 = -h*v + v, -3*q = t*v - 10. List the prime factors of v.
5
Let g(m) = m**2 - 3*m - 2. Let t be g(-3). Let a = -3 + t. What are the prime factors of a?
13
Let q = -9 + 70. List the prime factors of q.
61
Let i(c) be the third derivative of -c**6/60 + c**4/24 - c**2. Let s be i(-1). What are the prime factors of (0 - (-3 + 1)) + s?
3
Let z be 1 - (2 - 0) - 5. Suppose -3*v + 5 = m + 3*m, -2*m = 2. What are the prime factors of 29/v + (-2)/z?
2, 5
Suppose 151 - 26 = 5*m. Suppose 0 = -0*n - n + m. List the prime factors of n.
5
Let m = 791 + -474. List the prime factors of m.
317
Suppose 4*a = h - 50, 2*h = 7*h + 5*a - 200. List the prime factors of h.
2, 3, 7
Suppose -4*r - 22 = -3*r + 5*w, -4*r - w = -7. What are the prime factors of r?
3
Let n(r) be the second derivative of r**4/12 + 3*r**3/2 - 4*r**2 - r. List the prime factors of n(-10).
2
Let g(t) = 28*t**2 - 2*t - 2. Let j = -9 + 8. List the prime factors of g(j).
2, 7
Let b = -10 - -17. List the prime factors of 2 + b + -2 + -2.
5
Suppose -b = -2*b + 28. What are the prime factors of b?
2, 7
Let v = -71 - -38. Let t = 54 + v. What are the prime factors of t?
3, 7
Let j(h) = -3*h**3 + 2*h**2 - 1. Let l be j(-1). Let i = 7 - 7. Suppose i = 5*q + 2*s - 14, -7 - 1 = q + l*s. List the prime factors of q.
2
Suppose -z + 5*t = 7*t - 37, 5*t - 69 = -2*z. List the prime factors of z.
47
Let j = -117 - -288. List the prime factors of j.
3, 19
Suppose 3*w = -5*a + 79, -5*w - 5 = -a - 6. Let j = a - 7. What are the prime factors of j?
7
Let z be 4/16 + 2/(-8). Suppose z*w + 2*w - 28 = 0. What are the prime factors of w?
2, 7
Suppose 2*t + 13 = 3*w + t, -5*w + 4*t + 31 = 0. Suppose x + w = 35. What are the prime factors of x?
2
Suppose -3*z + h + 98 = 0, 2*z + 3*h = -0*z + 80. List the prime factors of z.
2, 17
Let u(t) = -t + 3. Let r = -4 + 7. Let k be u(r). Suppose 16 = b - k*b. What are the prime factors of b?
2
Let f(w) = 2*w**2 + 7*w + 2. Suppose -6 + 0 = x. Let c be f(x). Suppose -4*g + 2*g = -c. List the prime factors of g.
2
Suppose 0 = 2*u - 0*u - 224. Suppose n + 5*o - 5 = 0, -6*n + 3*o + u = -2*n. What are the prime factors of n?
5
Suppose -3*x + 13 = -x - 3*u, 0 = -5*x + 2*u + 16. Suppose 0 = -h - x*h + 150. What are the prime factors of h?
2, 5
Let n(p) = -p**3 - 14*p**2 - 19*p - 10. List the prime factors of n(-13).
2, 17
Let v = 21 + -40. Let r = -9 - v. What are the prime factors of r?
2, 5
Suppose 2*g - 11 = 3*g. Let u be (6/4)/((-21)/(-56)). List the prime factors of 3*u/((-12)/g).
11
Let c be 0/(-1) + (-8)/(-4). Suppose -16 = -a - 5*f, 2*a - 84 = 3*f - 0*f. Suppose 0 = c*v - 2 - a. What are the prime factors of v?
19
Suppose -2*t - 2*i + 910 = 2*t, -4*i = -5*t + 1131. List the prime factors of t.
227
Suppose 0 = -4*t - 4, 3*b + 3*t = -0*b + 3. Suppose o - 25 = b*l, -3*o - 3*l + 0 = -30. List the prime factors of o.
3, 5
Let w(z) = -7*z - 2. What are the prime factors of w(-7)?
47
What are the prime factors of (-6)/8 - (-71)/4?
17
Suppose -3*v = -2*h, -3*h + 18 = 3*v + h. Suppose -z - v*z = -129. List the prime factors of z.
43
Suppose -5*q + 132 = 2*o, -227 = -3*o + 5*q - 54. List the prime factors of o.
61
Let y(j) = 3*j**2. Let u be y(1). Suppose -u = 5*d - 2*d. What are the prime factors of -3*d/(-3)*-2?
2
What are the prime factors of (1 - (-1409)/7) + 16/(-56)?
2, 101
Let a(u) = -u**2 + u + 4. Let l be a(0). Let r be (6/l)/(2/12). Suppose -r = f - 4*w, -4*f - 2*w + 32 = -2*f. What are the prime factors of f?
11
Let k(f) = 2*f**2 - 10*f + 1. What are the prime factors of k(9)?
73
Let n = -4 + 10. Let p = -3 + n. What are the prime factors of p?
3
Let z = 5 - 2. Suppose 5*h = 2*o + 2, z*o + h - 39 = -2*h. What are the prime factors of o?
3
Suppose 0 = -5*u + 7 + 8. List the prime factors of ((0 - u) + 5)*12.
2, 3
Suppose 2*k = -5*u + 76, 11 + 24 = k + 4*u. What are the prime factors of k?
43
Let f = -18 + 11. Let j(d) be the third derivative of -d**5/60 - 3*d**4/8 - 16*d**2. List the prime factors of j(f).
2, 7
Let q(y) = -y**3 - 11*y**2 - 9*y + 11. Let s be q(-10). List the prime factors of (5/3 - s)*9.
2, 3
Let y be (75/(-20))/(3/(-8)). Let i = 18 - y. Let b = 0 + i. What are the prime factors of b?
2
Let t = -24 - -35. Let n = -19 + t. Let c = -6 - n. List the prime factors of c.
2
Let j(k) be the second derivative of k**5/20 - k**4/4 + k**3 + 5*k**2/2 + 5*k. List the prime factors of j(4).
3, 5
Suppose 0 = w - 11 - 67. List the prime factors of w.
2, 3, 13
Let h = 178 + -106. Suppose -2*i + 185 = -5*u, -i + 5*u + 23 + h = 0. Suppose -5*z = 30 - i. List the prime factors of z.
2, 3
Suppose -9*i + 7*i = -364. List the prime factors of i.
2, 7, 13
Let w be 11/55 - (-26)/(-5). Let r(s) = -2*s**2 + 9*s - 6. Let o(p) = p**2 - p. Let g(z) = -3*o(z) - r(z). What are the prime factors of g(w)?
11
Let h(t) = t + 0*t + 1 - 2. Let f be h(4). Suppose 14 = 4*z - f*w, 3*z + 0*w - 4 = -w. List the prime factors of z.
2
Suppose -4*s + 38 = -66. List the prime factors of s.
2, 13
Let s(b) be the first derivative of -b**2/2 - b + 1. Let c be s(-5). Suppose -c*u + 45 = u. What are the prime factors of u?
3
Let x = 1 + 1. List the prime factors of (2 + -1)/x*20.
2, 5
Let o(l) = l**3 + 9*l**2 - 8*l + 8. List the prime factors of o(-7).
2, 3
Let f(r) = -r**2 + 6*r + 3. Let z be f(6). Suppose -4*l - 2 = 2*n, z*l - 12 = -6*n + 3*n. List the prime factors of n.
3
Suppose 6*p - 2266 = -5*p. List the prime factors of p.
2, 103
Let r(j) = -j + 34. List the prime factors of r(6).
2, 7
Suppose -3*l - 15 = 0, -3*l - 19 = -2*h - 0. Suppose 0 = h*q - 7*q - 25. Let j = 4 - q. List the prime factors of j.
3
Let c be -37 - 5/(20/(-12)). Suppose 4*f + f = 3*b + 40, -24 = -3*f - 4*b. List the prime factors of c/(-8) - 2/f.
2
Let l(w) = -w**3 - 4*w**2 - 3*w. Let b be l(-5). Let j be b/18 + 12/(-54). Suppose 0 = j*a + 3 - 11. What are the prime factors of a?
2
Let s = 4 + -8. Let z be 194/22 + s/(-22). Suppose -w - 2*w + 7 = 5*d, -3*d + z = -3*w. What are the prime factors of d?
2
Let o(v) = -v**3 - 17*v**2 - 10*v - 1. List the prime factors of o(-17).
13
Suppose -4*g + 8 = -0*g. Suppose 5*j - 22 - 18 = 0. What are the prime factors of j/12*9/g?
3
Suppose 5*r + 17 = -l, -11 = 2*l + l + 5*r. Suppose -8 = -n - 3*g, -24 + 0 = -l*n - 3*g. Let v = n + 8. List the prime factors of v.
2
Suppose 9*m = 12*m - 3. Let f(d) = d**2 + 4*d - 7. Let c be f(-5). What are the prime factors of ((-5)/2)/(m/c)?
5
Let z(u) = 20*u + 4. Let d be z(2). Suppose 4*k + 2*l - d = 60, -64 = -2*k + 2*l. What are the prime factors of k?
2, 7
Suppose -2 = -i + 1. Let j = i + 1. Suppose -56 = -j*m + 28. What are the prime factors of m?
3, 7
Suppose -4*x = -24 - 16. List the prime factors of x.
2, 5
Let l = 16 + -11. Suppose -4*u + 53 = 5*x - 182, -4*u + l*x + 205 = 0. What are the prime factors of u?
5, 11
Suppose 3*l = -4*t - 7, -4*t - 7 = t + 2*l. Let u = 17 - 16. Let j = u - t. What are the prime factors of j?
2
Let n(y) = -8 + y**2 + 3*y + 0 + 1. Let x be n(-7). Let q = x - 15. List the prime factors of q.
2, 3
Suppose -2*f = f + m - 62, -m = f - 22. Suppose 5*b + 35 = -0*a + a, 5*b + f = -2*a. Let z = -1 - b. List the prime factors of z.
5
Let b be 10/14 + (-6)/(-21). Let w = b - -16. List the prime factors of w.
17
Let g(h) = -h + 8. Let d be g(8). Let y(v) = -v**3 + v**2 + 10. What are the prime factors of y(d)?
2, 5
Let i(p) = -p**3 - 2*p**2 + 2*p + 3. Let b be i(-2). Let k(s) = -14*s. List the prime factors of k(b).
2, 7
What are the prime factors of (-1011)/(-15) + (-2)/5?
67
Suppose 5*i + 5*x